= -49, x + 223 = -4*c. What is the tens digit of (15/d)/(2/c)?
2
Let x be -3 + 1 + 3 - -5. What is the units digit of ((-28)/x - (4 + -6))*-3?
8
Suppose 10*c + 11802 = 24*c. What is the hundreds digit of c?
8
Let f(m) = 11*m - 111. What is the tens digit of f(17)?
7
Let v = 1988 + -1755. What is the tens digit of v?
3
Let k = -101 - -119. Suppose -m + 0*a - 2*a = -16, 16 = m - a. Let g = k + m. What is the tens digit of g?
3
Let w(k) be the first derivative of k**4/4 - 8*k**3/3 + 2*k - 4. What is the tens digit of w(9)?
8
Suppose 0 = -2*p + 8 - 4. Suppose -8 = -p*y + 2, -u = -y - 164. What is the tens digit of u?
6
Let s = 165 + 293. What is the tens digit of s?
5
Let c be 3/6 - 9/(-6). Suppose -5*a = -a + 4, c*a = r - 50. What is the tens digit of r?
4
Let g(n) = -108*n - 14. Let v be g(-6). Let p = v + -410. Suppose -4*c = -12 - p. What is the units digit of c?
9
Let p = -59 - -553. What is the tens digit of p?
9
Let q(b) be the second derivative of b**5/30 - 7*b**4/24 + b**3 - 7*b**2/2 + 4*b. Let n(j) be the first derivative of q(j). What is the tens digit of n(6)?
3
Suppose -50 + 130 = 10*a. What is the tens digit of 322/a + 1/(-4)?
4
Suppose -87*r - 2354 = -98*r. What is the hundreds digit of r?
2
Suppose -8*w = 205 - 39957. What is the hundreds digit of w?
9
Let o = -42 - -133. What is the tens digit of o?
9
Let k = -71 - -119. Suppose 3*x + x = k. What is the tens digit of x?
1
Suppose 9*u = 1062 + 315. What is the tens digit of u?
5
Let r = 5 + -2. Let f be -5 + 2 - (-6)/r. Let m = 46 - f. What is the units digit of m?
7
Let d = -22 - -17. Let b = 8 + d. Suppose -8*h + 4*h = -2*u + 66, 3*u = -b*h + 54. What is the tens digit of u?
2
Let n = -1379 + 3643. Suppose 5*y - n = -869. What is the hundreds digit of y?
2
Suppose -4*v - 2*d = -6, -2*v + 3*d = 4 + 5. Suppose 5*x = -v*x + 155. What is the units digit of x?
1
Suppose -y - 3*c = -782, 0 = 5*y + 4*c - 2121 - 1833. What is the tens digit of y?
9
Suppose 100 - 28 = 4*g. Let d = 90 + g. What is the tens digit of d?
0
Let d(k) be the second derivative of k**4/6 - 5*k**3/6 + 3*k**2 - k. Suppose 11*v - 24 = 5*v. What is the tens digit of d(v)?
1
Let o be 0*(16/(-28) + 3/(-7)). Suppose -10*t + 427 + 1383 = o. What is the units digit of t?
1
Suppose 5*d + 20 = 2*b, -4*b + 10 = -3*d - 2. Suppose b = -3*m - 3*m + 582. What is the units digit of m?
7
Let m(i) = 2*i**3 + 7*i**2 - i + 4. What is the hundreds digit of m(6)?
6
Suppose -5*j + h + 562 = 0, -4*j + 9*j - 553 = 4*h. What is the hundreds digit of j?
1
Suppose 487*x - 470*x = 46036. What is the tens digit of x?
0
Let a = -44 + 50. What is the units digit of -2 - (a/8 - 1374/8)?
9
Let p(l) = -l**3 + 5*l**2 + 13*l - 3. Let i be p(7). What is the units digit of i + 9 + (28 - -2)?
9
Suppose -9*a + 4*a = -15. Let b(g) = 5*g**3 - g**2 + g - 1. What is the hundreds digit of b(a)?
1
Suppose -2352 = -31*g - 25*g. What is the tens digit of g?
4
What is the tens digit of 3/(-2)*108/(-6)?
2
Let s(v) = -v**2 + v + 10. Let f be s(-5). What is the units digit of (f/4)/(-5) + 160?
1
Let i = -1108 + 1655. What is the units digit of i?
7
Suppose y + 2*t + 4 = 0, 0 = 5*y - t - 13 - 11. What is the hundreds digit of 3 - (y + (-128 - -1))?
1
Let z = 585 + 133. What is the hundreds digit of z?
7
Suppose -3*c - 73 = -8*c + 3*z, 3*c = 4*z + 46. Let j(k) = k**3 - 13*k**2 - 14*k. Let x be j(c). Suppose x = -t + 6*t - 65. What is the tens digit of t?
1
Let i = 104 - 65. Suppose 0 = 4*j - 3*c - 36, -3*j - 4*c + i - 12 = 0. Suppose -25 + j = -4*o. What is the units digit of o?
4
Suppose 38 = s - 30. Suppose 4*w - 5*y = -3*y - s, 3*w - 2*y + 49 = 0. Let g = -18 - w. What is the units digit of g?
1
Suppose -5*b + 5*r + 7776 = -5844, 2*b - 5436 = 5*r. What is the hundreds digit of b?
7
Let z = 9 - 6. Let s = 5 - z. Suppose -s*b = -3 - 43. What is the tens digit of b?
2
Let t(j) = -j**2 + 2*j + 9. Let l be (3 - -1)/(-4)*-7. Let m be t(l). Let d = m - -64. What is the tens digit of d?
3
Let u be (0 - -1)*-2 + 19. Let z(y) = -y**3 - 4*y**2 - 4*y - 7. Let n be z(-3). Let c = n + u. What is the tens digit of c?
1
Suppose -v + 3087 = 3*y, 0 = -7*y + 6*y - 2*v + 1029. What is the hundreds digit of y?
0
Suppose -74 = -4*v + 6. Suppose -t + v = 4*t. Suppose 0*m + 168 = t*m. What is the tens digit of m?
4
Let l be 426/21 + 2/(-7). Suppose -121 = -4*c + 55. Let g = c - l. What is the units digit of g?
4
Let i = -10 + 393. What is the units digit of i?
3
What is the units digit of -8 - (-296)/36 - (-8413)/9?
5
What is the units digit of ((-16)/6)/((-30)/5040)?
8
Let w(v) be the third derivative of 0*v + 0 - 4*v**2 + 1/3*v**3 - 1/12*v**4 + 1/15*v**5. What is the tens digit of w(3)?
3
Let u = 20 + -27. What is the units digit of 0 - u/((-21)/(-18))?
6
Suppose -5*l + 615 = 90. What is the tens digit of (-4)/30 + 9884/l?
9
Let k(y) = 89*y - 35. What is the units digit of k(6)?
9
Let p(r) = r - 4. Let n be p(5). Let y = n + 2. Suppose y*g = -2*q + 10, 46 - 2 = 4*g - 5*q. What is the units digit of g?
6
Let d(n) = n**3 + 4*n**2 + n - 2. Let g be d(-3). Suppose -g*m + 42 = -6*m. What is the units digit of (-1 - -9)*m/(-14)?
2
Suppose 4*y - 11 - 23 = 3*i, -3*y + 39 = -3*i. Let h = i - -4. Let j = 15 - h. What is the units digit of j?
9
Let n be (-2)/5 + 853/(-5). Let c = n - -315. What is the hundreds digit of c?
1
Let q be (-6)/15 + (-188)/(-20). Let g = q + 62. What is the units digit of g?
1
Let p = 298 + 254. What is the units digit of p?
2
Let c be 82/12 - 1/(-6). Suppose 11 = -3*p - c. What is the units digit of ((-4)/p)/((-4)/(-78))?
3
Let o(s) = s**3 + 7*s**2 + 3*s + 7. Let m(g) = -g + 11. Let h be m(8). Let d = h - 9. What is the units digit of o(d)?
5
Let h = 72 + -74. What is the tens digit of (-79 - (-5 - 3))/(h/6)?
1
Let u = 700 + -399. What is the units digit of u?
1
Let c(q) = 1. Let s(u) = -u**2 + 9*u + 3. Let l(m) = -2*c(m) - s(m). Let i be l(6). Let n = 4 - i. What is the units digit of n?
7
What is the units digit of 2 + (-15)/9 - (-50260)/105?
9
Let n(p) = 91*p**2 + p + 3. What is the tens digit of n(2)?
6
Let a(n) = -n**3 - 16*n**2 - 5*n - 22. Let i(w) = 7 - 3*w - w + 7 - w. Let k be i(6). What is the units digit of a(k)?
8
Let w(d) = 6*d + 3. Let z(o) = 7*o + 4. Let f(r) = 5*w(r) - 4*z(r). Let i be f(3). Suppose -i*l = -3*l - 46. What is the tens digit of l?
2
Suppose -3*i - 29 = -v, 49 = -9*i + 4*i + 2*v. Let z(c) = c**3 + 8*c**2 - 12*c + 3. What is the tens digit of z(i)?
3
Let v = -101 - -158. Let n = 20 + -14. Suppose -5*l = -3*p - v - n, 49 = 4*l - p. What is the units digit of l?
2
Suppose i + r = -71, -3*r = -r. Let z = -28 - i. What is the units digit of z?
3
What is the hundreds digit of -563*((-24)/(-4) - 7)?
5
Let c = -55 + 675. What is the hundreds digit of c?
6
Let d be (-6)/42 - 30/(-14). What is the units digit of -88*((5 - d) + -4)?
8
Let i(o) = 3*o**2 + 5*o. Let w be i(-7). Suppose 2*n = w + 484. Suppose 53 = p + v, -2*v - 39 + n = 5*p. What is the tens digit of p?
5
Let p = 618 + 238. What is the units digit of p?
6
Suppose 0*u + 3*u - 60 = 0. Suppose u = s + s. Suppose 2*f + s = 4*f. What is the units digit of f?
5
Let k be 3/((-3)/2*(-10)/(-75)). Let r = 66 + k. What is the units digit of r?
1
Suppose 5*z = -0*z + 11070. What is the units digit of z?
4
Let q(z) = -4*z + 7. Let s be q(6). Let l(g) = 8*g**3 - 2*g**2 + 2. Let n be l(1). Let v = n - s. What is the tens digit of v?
2
Let b be (-180)/(-25) - (-3)/(-15). Suppose b*z - 3*z = 280. What is the tens digit of z?
7
Let n be (-18)/1*((-3040)/24)/(-10). Let z(a) = -2*a + 4. Let t be z(3). What is the tens digit of n/(-15) - t/(-10)?
1
Let c = -68 - -70. Let y = 92 - 0. Suppose -2*t + 0*m + c*m = -y, -t + 54 = -5*m. What is the tens digit of t?
4
Suppose -4 = 2*r, 5*p - 2*r = -2944 + 12003. What is the thousands digit of p?
1
Let c(b) = 7*b - 4. Let v be c(2). Suppose 34 = -8*j + v*j. What is the tens digit of j?
1
Suppose 847 = 5*k - 1603. Suppose 2*d - 2*n - k = -2*d, n - 251 = -2*d. What is the units digit of d?
4
Let f be 11/1 - (20/(-4) + 7). What is the tens digit of ((-3)/f)/(1/(-1038))?
4
Suppose -2*c + 25 = 5*y - 6*c, 15 = 3*y - c. Suppose n - 83 = a, 3*n = y*n - 5*a - 151. What is the tens digit of n?
8
Let f(i) = 6*i**2 - i - 2. Let y be f(2). What is the tens digit of 192/y - (-6)